uppose -3*c = -16 + u. Is 4 a factor of c?
False
Suppose -3*g + c = -594 - 147, 5*c = -5*g + 1215. Does 64 divide g?
False
Suppose r - b + 4*b - 9 = 0, 4*r = -2*b - 14. Is 28 a factor of 8/r*(-483)/14?
False
Let k = -177 + 416. Is 32 a factor of k?
False
Let c = -254 + 390. Let f be (-5 + -3)/(-5 - (-3 + 0)). Suppose f*x - 204 = c. Does 17 divide x?
True
Let r be -3*(7/3 - 1). Is 24 a factor of r - -4 - -4*(25 - 2)?
False
Suppose -453 = 234*m - 235*m. Does 44 divide m?
False
Suppose 2*v - v = 4*m - 507, 138 = m - 4*v. Let o be (-2)/8 - m/(-24). Suppose -5*s = o*w - 125, 3*s - 75 = -2*w - 0*w. Is s a multiple of 5?
True
Let z(i) = -i**2 + 14*i - 8. Suppose -57 + 17 = -4*k. Let c be z(k). Suppose c = x + 7*x. Is x a multiple of 2?
True
Is 7 a factor of -50 + 49 + (-642)/(-2)?
False
Let v(x) = x**3 + 11*x**2 - x + 17. Suppose 3*c = -2*c - 55. Is v(c) a multiple of 7?
True
Let j(v) = -61*v - 7. Is j(-1) a multiple of 23?
False
Suppose -a + 5*p + 14 = -0*a, -p - 2 = 0. Suppose 5*u = -a*c + 948, -2*u + 408 + 528 = 4*c. Is c a multiple of 9?
False
Let j = -63 - 59. Let a = 2 - j. Is a a multiple of 9?
False
Suppose 0 = -48*p + 46*p + 660. Does 11 divide p?
True
Suppose 2*o - 1 = 3*n, 2*o + 2 = -0*o. Let t(y) = 9*y**2 - 1. Let j be t(n). Suppose 6*r + 174 = j*r. Is r a multiple of 29?
True
Suppose 14 = u + y, 5*y + 4 = u + y. Let v(d) be the second derivative of -d**3/6 + 10*d**2 + 5*d. Is v(u) a multiple of 6?
False
Let s(o) = o**3 - 8*o**2 - 6*o - 11. Let q(t) = -t**2 - 7*t - 1. Let i be q(-6). Suppose -70 = -5*u - 4*l, -2*u = 2*u - i*l - 15. Is s(u) a multiple of 17?
False
Suppose -x + 1766 = 2*w, 2*x = 3*w - 2683 + 48. Does 14 divide w?
False
Let m(f) = -f**2 + 50*f + 371. Is m(41) a multiple of 20?
True
Let v(q) = -2*q**2 - 16*q - 22. Let o be v(-6). Suppose -4*a + 61 + 199 = 0. Suppose 9 = -o*w + a. Is w a multiple of 9?
False
Suppose 0 = t - 12 + 9. Suppose -5*w = -2*n - 3*n - 595, -t*n - 603 = -5*w. Does 26 divide w?
False
Let o = 5453 - 3062. Is o a multiple of 103?
False
Let m = 113 - 109. Suppose -5*g + 5*u = -65, 0 = m*g - 5*u - 25 - 29. Is g a multiple of 2?
False
Let c(v) = 33*v + 15. Let r(y) = -66*y - 29. Let j(n) = 5*c(n) + 2*r(n). Does 26 divide j(6)?
False
Is 4 a factor of ((-7)/21*-30)/(1/4)?
True
Suppose -14 = -6*q - 2. Suppose 4*s - 15 = s. Suppose -s*o - 3*b + 48 = 16, -5*b = q*o - 28. Is 2 a factor of o?
True
Suppose -1275 - 75 = -6*y. Is y a multiple of 15?
True
Let v be (-18)/15*25/(-10). Suppose -g - v*c = g, 7 = 3*g + c. Is 18 a factor of (-18)/(g + (-38)/12)?
True
Let u(w) = 5 + 6*w**2 + 2*w - 15 + 0*w - w**3. Let o be u(6). Is 7 a factor of (-230)/(-20) + o/4?
False
Let w = 29 - 27. Suppose 7*z = -w*y + 3*z + 12, 5*z = -10. Does 5 divide y?
True
Let t(n) = n**3 + 22*n**2 - 24*n - 14. Let k be t(-23). Let h = 32 - k. Is 9 a factor of h?
False
Let f = 30 + -26. Let j be f/(5*2/30). Suppose -7*s = -j*s + 65. Is 3 a factor of s?
False
Let g(v) = v**3 + 11*v**2 + 10*v. Let r be g(-10). Suppose -4*h + 3*c + 127 = 0, r = 2*h + c - 70 + 19. Is 14 a factor of h?
True
Suppose -3*f = q - 3*q - 14, 22 = 5*f - 3*q. Suppose -3*l = f*p - 370, -5*l - p + 2*p = -608. Is 32 a factor of l?
False
Suppose 3*i = -2*y + 10, 4*i - 6 = 3*y - 4. Suppose 6*h - h - i*o = 28, 4*o = 4*h - 20. Does 27 divide h/((-2)/(-27)*3)?
True
Let j(k) = 9*k - 118. Is j(20) a multiple of 25?
False
Suppose 4*n = 4*z, 2*n - n + 2*z = -12. Let i = n + -2. Is (23 + 1)*i/(-9) a multiple of 8?
True
Let j(p) = 3*p**3 + 5*p. Let q(r) = 2*r**3 + 2*r. Let s(h) = -3*j(h) + 7*q(h). Let n(u) be the second derivative of s(u). Does 14 divide n(1)?
False
Let q(g) = g + 6*g**2 + 0*g**2 - 6 + 0 - 3*g**2. Does 18 divide q(-3)?
True
Let c be (-6)/6 - (-5)/(5/1696). Suppose 11*y - 725 = c. Is y a multiple of 11?
True
Let y be (-2)/(-6)*(-4 + 4). Suppose y*x + 16 = 4*x. Does 21 divide 1/(-2)*(x - 46)?
True
Suppose z + 0 + 3 = 2*q, -3*q = -4*z + 8. Suppose -w = q*w. Suppose 0*o - o + 64 = w. Is o a multiple of 18?
False
Does 16 divide ((-6)/(10 + -4))/1 - -795?
False
Suppose 0 = -a - 2*f - 92, a - 67 = 2*a - 3*f. Let b = -40 - a. Does 9 divide b?
False
Suppose 4*z - z + 21 = 0. Let m = 12 + z. Does 30 divide 59 + 5/m + 3?
False
Suppose -10*b = b + 55. Is 12 a factor of 1*(b + (3 - -141))?
False
Let v be (2/4)/((-4)/(-96)). Is 22 a factor of (1 - -10)/(2/v)?
True
Is (12 + -11)*-2 + 1232 a multiple of 82?
True
Suppose -14 - 156 = 5*j. Let t = 17 - j. Is t a multiple of 22?
False
Suppose 36*p - 14*p = 176. Is 4 a factor of p?
True
Let b = -883 - -1345. Is 66 a factor of b?
True
Let h = -14 - -42. Is 2 a factor of (h - 4)/((-9)/(-6))?
True
Suppose -8 = 4*z - 96. Let k = z + -15. Is 3 a factor of -12*k/(42/(-4))?
False
Suppose -815*c = -817*c + 40. Does 3 divide c?
False
Is (-264 + 0 - -1)/(-1) a multiple of 8?
False
Let x = 3169 - 2044. Is x a multiple of 45?
True
Let q = 17 - 12. Suppose -5*z = -2*s - 93, -5*z + q*s = 29 - 134. Suppose -45 = -f + z. Is 17 a factor of f?
False
Let x(z) = -6*z**3 + z**2 - 3. Let v be x(-3). Suppose -3*k + 0*k + v = 0. Does 6 divide ((-18)/4)/((-21)/k)?
True
Suppose 20*r - 17986 + 1886 = 0. Is r a multiple of 35?
True
Suppose -1 - 39 = 2*u. Let n = 9 - u. Suppose 5*b = 11 + n. Is 7 a factor of b?
False
Let l(r) = r**3 + 28*r**2 + 5*r - 43. Is 110 a factor of l(-21)?
False
Does 10 divide 14/(1 - -6) + 62 + -2?
False
Let a = 1233 + -274. Suppose 0 = -9*m - 239 + a. Is m a multiple of 8?
True
Let r be ((-8)/(-4))/(2/(-1184)). Is -6*(-1)/33 - r/22 a multiple of 6?
True
Let u = 7073 + -4073. Does 24 divide u?
True
Let n be 0 + (1 + -3 - -2). Suppose 0 = -5*l - 9 + 19. Suppose -l*v + v + 15 = n. Does 5 divide v?
True
Let b(g) = 10*g - 53. Let f be b(22). Suppose -22 = d - f. Is d a multiple of 17?
False
Suppose i + 2806 = 3*w, 0*w = 4*w + 3*i - 3750. Does 8 divide w?
True
Does 87 divide (-20920)/(-60) + (-8)/12?
True
Suppose -2*f = 4*w - 24, 2*w + 16 = f - 0*w. Let y be ((-8)/14)/((-4)/f). Suppose 0 = 3*l + y*l - 270. Is 26 a factor of l?
False
Suppose -114*b + 147000 = 36*b. Is 130 a factor of b?
False
Is 7 - ((-8)/(16/9846) + 8) a multiple of 21?
False
Let y(u) = -2*u**2 + 6*u. Let s be ((-3)/2)/((-6)/20). Let d(h) = 2*h**2 - 5*h. Let t(x) = s*d(x) + 4*y(x). Does 10 divide t(4)?
False
Let c = -97 - -156. Suppose -i + 4*b = -28, -5 = 3*i + b - 76. Let n = c - i. Does 11 divide n?
False
Let w = 453 + -308. Is w a multiple of 29?
True
Suppose -s - 1 = p, 2*s = 5*p + 11 + 15. Suppose -s*h + 5*h = 4. Does 22 divide (99/(-27))/(h/(-36))?
True
Suppose 5*n + 2600 - 2690 = 0. Is n a multiple of 5?
False
Let q be 165/18 + 5/(-30). Let z = q + 43. Suppose 5*r - z = -2. Is r a multiple of 10?
True
Suppose 2*o + 3*l = 1167, -l - 2 = -7. Does 96 divide o?
True
Let s = 55 - 50. Suppose -s*o + 319 = -121. Does 11 divide o?
True
Suppose c + 3*d = 5, 7*d = 3*c + 3*d - 80. Suppose -5*p + 25 = -c. Suppose 162 = p*h - 6*h. Is 9 a factor of h?
True
Let h(i) = 5*i**2 + 12*i - 12. Is 4 a factor of h(-6)?
True
Let r(p) = p**3 + 10*p**2 + 6*p - 13. Let k be r(-9). Suppose 0*v = 2*v - k. Suppose -v*w + 80 = -3*w + 4*n, 3*w - 4*n = 67. Does 14 divide w?
False
Suppose 0 = -37*a + 20*a + 17765. Is 29 a factor of a?
False
Let h(u) = -u**2 - 5*u + 6. Let d be h(-6). Let l(f) = -237*f**3 - 2*f**2 - 2*f - 1. Let c be l(-1). Suppose d = 5*y - y - c. Is 25 a factor of y?
False
Let p = 2065 + -1120. Suppose -3*d = -5*w - 0*w - 945, -3*w = 3*d - p. Is d a multiple of 63?
True
Suppose 0 = 4*c + 5*c - 16965. Suppose 5008 - c = 9*s. Is 13 a factor of s?
False
Let r(a) = -a - 13. Let g(u) = 3*u - 29. Let z(y) = -y + 14. Let s(t) = -2*g(t) - 5*z(t). Let o(v) = -5*r(v) + 4*s(v). Does 4 divide o(0)?
False
Let n(w) = 93*w**3 + 2*w**2 - 3*w + 2. Let b(d) = -d**2 - 2*d + 9. Let y be b(-4). Is 16 a factor of n(y)?
False
Let c(m) = -456*m - 81. Is c(-2) a multiple of 28?
False
Let v(g) = 5*g**2 - 8*g + 10. Let i be v(-6). Suppose -4*t - 3*t = -i. Does 10 divide t?
False
Let t(h) = h**2 - 2*h + 1. Let f be t(1). Let y = f + 3. Is 20 a factor of (-1)/y*(-3 + -84)?
False
Suppose 0*f + 2*d = 3*f, 0 = 4*f + 3*d. Suppose 4*q - 2*b - 10 = f, 2*q - 3*b - 4 = 11. Suppose 4*r = -q*r + 44. Does 4 divide r?
False
Let t = -12 - -10. Let o be 28 + 0/(t - -1). Is 22 a factor of o - 2/((-4)/(-6))?
False
Let l(u) = 2*u - 8. 